te the remainder when 82 is divided by 38.
6
Calculate the remainder when 1530 is divided by 167.
27
What is the remainder when 1730 is divided by 574?
8
What is the remainder when 415 is divided by 20?
15
What is the remainder when 209 is divided by 21?
20
Calculate the remainder when 2883 is divided by 74.
71
Calculate the remainder when 64 is divided by 5.
4
Calculate the remainder when 110 is divided by 78.
32
Calculate the remainder when 4803 is divided by 599.
11
What is the remainder when 110 is divided by 8?
6
Calculate the remainder when 683 is divided by 174.
161
Calculate the remainder when 245 is divided by 7.
0
What is the remainder when 162 is divided by 82?
80
Calculate the remainder when 244 is divided by 36.
28
Calculate the remainder when 30 is divided by 22.
8
Calculate the remainder when 633 is divided by 617.
16
What is the remainder when 40 is divided by 14?
12
What is the remainder when 567 is divided by 38?
35
What is the remainder when 1069 is divided by 23?
11
What is the remainder when 1641 is divided by 31?
29
Calculate the remainder when 62 is divided by 34.
28
Calculate the remainder when 244 is divided by 13.
10
What is the remainder when 236 is divided by 81?
74
What is the remainder when 159 is divided by 5?
4
Calculate the remainder when 194 is divided by 31.
8
What is the remainder when 249 is divided by 96?
57
What is the remainder when 2939 is divided by 15?
14
Calculate the remainder when 854 is divided by 169.
9
Calculate the remainder when 88 is divided by 23.
19
Calculate the remainder when 303 is divided by 22.
17
What is the remainder when 73 is divided by 14?
3
Calculate the remainder when 307 is divided by 24.
19
What is the remainder when 454 is divided by 221?
12
What is the remainder when 3131 is divided by 1040?
11
Calculate the remainder when 4966 is divided by 12.
10
Calculate the remainder when 435 is divided by 94.
59
What is the remainder when 4684 is divided by 33?
31
What is the remainder when 194 is divided by 68?
58
Calculate the remainder when 154 is divided by 4.
2
What is the remainder when 6209 is divided by 45?
44
Calculate the remainder when 5 is divided by 4.
1
Calculate the remainder when 120 is divided by 31.
27
Calculate the remainder when 130 is divided by 3.
1
Calculate the remainder when 453 is divided by 121.
90
What is the remainder when 43 is divided by 16?
11
What is the remainder when 758 is divided by 33?
32
Calculate the remainder when 372 is divided by 123.
3
What is the remainder when 411 is divided by 42?
33
What is the remainder when 96 is divided by 85?
11
What is the remainder when 217 is divided by 212?
5
Calculate the remainder when 66 is divided by 17.
15
Calculate the remainder when 990 is divided by 954.
36
Calculate the remainder when 3331 is divided by 12.
7
What is the remainder when 3011 is divided by 283?
181
What is the remainder when 249 is divided by 221?
28
Calculate the remainder when 290 is divided by 93.
11
What is the remainder when 558 is divided by 26?
12
What is the remainder when 388 is divided by 14?
10
Calculate the remainder when 107 is divided by 45.
17
What is the remainder when 179 is divided by 32?
19
Calculate the remainder when 29 is divided by 19.
10
What is the remainder when 3863 is divided by 214?
11
Calculate the remainder when 422 is divided by 2.
0
Calculate the remainder when 436 is divided by 23.
22
Calculate the remainder when 632 is divided by 70.
2
What is the remainder when 4138 is divided by 30?
28
What is the remainder when 49 is divided by 2?
1
Calculate the remainder when 55 is divided by 20.
15
Calculate the remainder when 3 is divided by 3.
0
Calculate the remainder when 1387 is divided by 139.
136
What is the remainder when 127 is divided by 52?
23
What is the remainder when 400 is divided by 59?
46
Calculate the remainder when 36 is divided by 16.
4
Calculate the remainder when 1789 is divided by 358.
357
Calculate the remainder when 62 is divided by 15.
2
Calculate the remainder when 85 is divided by 47.
38
Calculate the remainder when 44 is divided by 15.
14
What is the remainder when 172 is divided by 64?
44
What is the remainder when 169 is divided by 59?
51
What is the remainder when 255 is divided by 16?
15
Calculate the remainder when 402 is divided by 11.
6
What is the remainder when 256 is divided by 67?
55
Calculate the remainder when 868 is divided by 434.
0
What is the remainder when 307 is divided by 44?
43
Calculate the remainder when 1810 is divided by 11.
6
What is the remainder when 264 is divided by 91?
82
Calculate the remainder when 142 is divided by 50.
42
Calculate the remainder when 188 is divided by 27.
26
Calculate the remainder when 4648 is divided by 62.
60
What is the remainder when 13283 is divided by 182?
179
Calculate the remainder when 985 is divided by 23.
19
What is the remainder when 1071 is divided by 41?
5
Calculate the remainder when 675 is divided by 18.
9
What is the remainder when 53 is divided by 4?
1
Calculate the remainder when 493 is divided by 31.
28
What is the remainder when 3448 is divided by 25?
23
Calculate the remainder when 1393 is divided by 203.
175
What is the remainder when 138 is divided by 124?
14
What is the remainder when 135 is divided by 20?
15
Calculate the remainder when 238 is divided by 15.
13
Calculate the remainder when 45897 is divided by 85.
82
Calculate the remainder when 143 is divided by 50.
43
Calculate the remainder when 55 is divided by 7.
6
Calculate the remainder when 138 is divided by 7.
5
What is the remainder when 253 is divided by 120?
13
Calculate the remainder when 63 is divided by 14.
7
Calculate the remainder when 294 is divided by 292.
2
What is the remainder when 2108 is divided by 92?
84
What is the remainder when 174 is divided by 35?
34
What is the remainder when 310 is divided by 66?
46
What is the remainder when 1475 is divided by 73?
15
Calculate the remainder when 880 is divided by 42.
40
Calculate the remainder when 155 is divided by 44.
23
What is the remainder when 4979 is divided by 36?
11
What is the remainder when 124 is divided by 6?
4
What is the remainder when 22 is divided by 5?
2
What is the remainder when 904 is divided by 852?
52
Calculate the remainder when 909 is divided by 16.
13
What is the remainder when 157 is divided by 27?
22
Calculate the remainder when 4716 is divided by 13.
10
What is the remainder when 1834 is divided by 108?
106
What is the remainder when 1715 is divided by 42?
35
What is the remainder when 127 is divided by 10?
7
What is the remainder when 322 is divided by 47?
40
Calculate the remainder when 253 is divided by 43.
38
Calculate the remainder when 164 is divided by 43.
35
Calculate the remainder when 847 is divided by 280.
7
Calculate the remainder when 533 is divided by 134.
131
Calculate the remainder when 670 is divided by 164.
14
What is the remainder when 47 is divided by 33?
14
Calculate the remainder when 509 is divided by 86.
79
What is the remainder when 33073 is divided by 315?
313
Calculate the remainder when 1403 is divided by 54.
53
Calculate the remainder when 1394 is divided by 9.
8
Calculate the remainder when 143 is divided by 47.
2
Calculate the remainder when 2685 is divided by 224.
221
Calculate the remainder when 580 is divided by 151.
127
What is the remainder when 234 is divided by 54?
18
Calculate the remainder when 1951 is divided by 8.
7
What is the remainder when 580 is divided by 15?
10
Calculate the remainder when 1121 is divided by 17.
16
Calculate the remainder when 340 is divided by 171.
169
What is the remainder when 59 is divided by 7?
3
What is the remainder when 1119 is divided by 226?
215
Calculate the remainder when 60 is divided by 38.
22
Calculate the remainder when 116 is divided by 17.
14
What is the remainder when 37 is divided by 20?
17
Calculate the remainder when 1020 is divided by 25.
20
What is the remainder when 204 is divided by 61?
21
What is the remainder when 77 is divided by 65?
12
Calculate the remainder when 573 is divided by 41.
40
Calculate the remainder when 4574 is divided by 199.
196
Calculate the remainder when 2499 is divided by 9.
6
Calculate the remainder when 3772 is divided by 25.
22
What is the remainde